8
What is the hundreds digit of 948539?
5
What is the thousands digit of 1584206?
4
What is the units digit of 1806222?
2
What is the ten thousands digit of 128568?
2
What is the ten millions digit of 40245906?
4
What is the tens digit of 3236172?
7
What is the millions digit of 2140533?
2
What is the ten thousands digit of 3816086?
1
What is the thousands digit of 2549071?
9
What is the hundred thousands digit of 159065?
1
What is the hundred thousands digit of 7358717?
3
What is the millions digit of 8533335?
8
What is the units digit of 4253196?
6
What is the millions digit of 16768676?
6
What is the thousands digit of 733758?
3
What is the hundreds digit of 385452?
4
What is the units digit of 314966?
6
What is the hundred thousands digit of 502518?
5
What is the hundreds digit of 3550478?
4
What is the ten thousands digit of 59303?
5
What is the hundreds digit of 19931298?
2
What is the units digit of 19792?
2
What is the ten thousands digit of 991976?
9
What is the ten thousands digit of 19085262?
8
What is the ten millions digit of 35509745?
3
What is the ten thousands digit of 3690121?
9
What is the tens digit of 73637?
3
What is the hundred thousands digit of 1002329?
0
What is the hundred thousands digit of 1773704?
7
What is the hundreds digit of 124334?
3
What is the hundred thousands digit of 20378756?
3
What is the hundreds digit of 995806?
8
What is the millions digit of 4563440?
4
What is the units digit of 10482597?
7
What is the hundred thousands digit of 116310?
1
What is the hundreds digit of 337325?
3
What is the thousands digit of 1711946?
1
What is the tens digit of 7585123?
2
What is the thousands digit of 2256735?
6
What is the millions digit of 1356592?
1
What is the units digit of 849286?
6
What is the units digit of 3466343?
3
What is the units digit of 1822924?
4
What is the units digit of 110707?
7
What is the thousands digit of 1242198?
2
What is the ten thousands digit of 1702355?
0
What is the tens digit of 259095?
9
What is the hundreds digit of 28285?
2
What is the tens digit of 275178?
7
What is the hundreds digit of 183860?
8
What is the tens digit of 40213?
1
What is the hundreds digit of 412510?
5
What is the hundreds digit of 260005?
0
What is the millions digit of 9463105?
9
What is the tens digit of 11070463?
6
What is the units digit of 2823132?
2
What is the hundreds digit of 2535948?
9
What is the thousands digit of 6793413?
3
What is the tens digit of 5174072?
7
What is the hundred thousands digit of 550300?
5
What is the tens digit of 2422?
2
What is the hundred thousands digit of 2205253?
2
What is the hundreds digit of 4332352?
3
What is the ten thousands digit of 583318?
8
What is the hundreds digit of 1561894?
8
What is the tens digit of 5571698?
9
What is the thousands digit of 1722028?
2
What is the hundred thousands digit of 116207?
1
What is the thousands digit of 12398218?
8
What is the tens digit of 8274258?
5
What is the tens digit of 593491?
9
What is the ten millions digit of 42001259?
4
What is the hundred thousands digit of 24401080?
4
What is the units digit of 6619604?
4
What is the hundreds digit of 1198887?
8
What is the hundreds digit of 1413438?
4
What is the ten thousands digit of 1580320?
8
What is the ten thousands digit of 1744241?
4
What is the units digit of 1914960?
0
What is the thousands digit of 10992493?
2
What is the hundred thousands digit of 1804636?
8
What is the hundred thousands digit of 641469?
6
What is the units digit of 133780?
0
What is the hundred thousands digit of 122131?
1
What is the thousands digit of 2322354?
2
What is the ten thousands digit of 3684085?
8
What is the thousands digit of 23112?
3
What is the hundred thousands digit of 3727721?
7
What is the millions digit of 2107474?
2
What is the hundred thousands digit of 256601?
2
What is the thousands digit of 901356?
1
What is the ten thousands digit of 610901?
1
What is the hundreds digit of 8181422?
4
What is the ten millions digit of 30265104?
3
What is the hundreds digit of 23566?
5
What is the hundred thousands digit of 546280?
5
What is the hundreds digit of 2086694?
6
What is the ten thousands digit of 184860?
8
What is the units digit of 6622113?
3
What is the hundreds digit of 638972?
9
What is the hundreds digit of 3271778?
7
What is the thousands digit of 1889870?
9
What is the tens digit of 3300333?
3
What is the ten thousands digit of 203507?
0
What is the ten thousands digit of 11318220?
1
What is the ten thousands digit of 1834234?
3
What is the thousands digit of 763781?
3
What is the thousands digit of 563608?
3
What is the millions digit of 12332113?
2
What is the thousands digit of 1810537?
0
What is the tens digit of 1183638?
3
What is the thousands digit of 3905243?
5
What is the units digit of 177146?
6
What is the tens digit of 6584763?
6
What is the hundred thousands digit of 125895?
1
What is the thousands digit of 632814?
2
What is the tens digit of 226693?
9
What is the ten thousands digit of 170674?
7
What is the ten thousands digit of 330222?
3
What is the thousands digit of 9089327?
9
What is the units digit of 6987806?
6
What is the ten thousands digit of 210481?
1
What is the thousands digit of 1089796?
9
What is the hundred thousands digit of 1597689?
5
What is the tens digit of 385765?
6
What is the thousands digit of 2835347?
5
What is the units digit of 2407462?
2
What is the units digit of 2919203?
3
What is the hundred thousands digit of 5055680?
0
What is the thousands digit of 19611506?
1
What is the ten thousands digit of 3239998?
3
What is the ten thousands digit of 641799?
4
What is the units digit of 309786?
6
What is the hundred thousands digit of 962000?
9
What is the units digit of 5680838?
8
What is the hundred thousands digit of 4770938?
7
What is the tens digit of 322931?
3
What is the hundreds digit of 2558817?
8
What is the tens digit of 2306937?
3
What is the hundred thousands digit of 15982255?
9
What is the hundreds digit of 29490?
4
What is the hundreds digit of 189436?
4
What is the millions digit of 1572538?
1
What is the tens digit of 30887880?
8
What is the ten thousands digit of 2105222?
0
What is the tens digit of 6653570?
7
What is the ten thousands digit of 929724?
2
What is the tens digit of 1094274?
7
What is the hundreds digit of 11121?
1
What is the hundreds digit of 224708?
7
What is the tens digit of 140490?
9
What is the hundreds digit of 257485?
4
What is the ten thousands digit of 879847?
7
What is the hundred thousands digit of 190810?
1
What is the thousands digit of 3350551?
0
What is the ten thousands digit of 4039301?
3
What is the thousands digit of 609228?
9
What is the ten thousands digit of 170036?
7
What is the thousands digit of 1814917?
4
What is the tens digit of 548719?
1
What is the units digit of 2823874?
4
What is the millions digit of 1243266?
1
What is the ten thousands digit of 438592?
3
What is the tens digit of 99646?
4
What is the hundred thousands digit of 269930?
2
What is the hundred thousands digit of 7045000?
0
What is the millions digit of 3009713?
3
What is the thousands digit of 624786?
4
What is the tens digit of 10444321?
2
What is the units digit of 234246?
6
What is the units digit of 158482?
2
What is the tens digit of 139792?
9
What is the ten thousands digit of 1587539?
8
What is the tens digit of 116987?
8
What is the ten thousands digit of 20604561?
0
What is the hundreds digit of 3268764?
7
What is the tens digit of 81783?
8
What is the thousands digit of 33342320?
2
What is the thousands digit of 972009?
2
What is the units digit of 334391?
1
What is the units digit of 804108?
8
What is the ten thousands digit of 16165749?
6
What is the thousands digit of 461439?
1
What is the units digit of 273158?
8
What is the thousands digit of 261074?
1
What is the hundreds digit of 11505283?
2
What is the ten thousands digit of 74335?
7
What is the units digit of 11458094?
4
What is the hundred thousands digit of 139368?
1
What is the hundreds digit of 1418008?
0
What is the units digit of 113093?
3
What is the millions digit of 2771935?
2
What is the ten thousands digit of 748215?
4
What is the hundred thousands digit of 159186?
1
What is the ten thousands digit of 30552458?
5
What is t